*m + 12 = 0. Is f a prime number?
False
Let k = -10 + 713. Is k a composite number?
True
Let r(f) = 17*f**2 + 9*f - 9. Is r(14) a prime number?
True
Let h(p) = -45*p + 1. Is h(-2) prime?
False
Suppose 3*o - 492 = o. Let d = 382 - o. Let l = d - 57. Is l a prime number?
True
Let p = -192 - 158. Let n = 522 + p. Let v = 261 - n. Is v a composite number?
False
Suppose -t = 2*x - 267, 2*x + x = 0. Let n be (-2)/(2 + -4) + (-3)/(-1). Suppose -n*m = -m - t. Is m a composite number?
False
Let y = 400 - 1116. Is (4/(16/y))/(-1) a composite number?
False
Is 2110 + -3 - (6 + (-1 - 1)) a composite number?
True
Let o = 448 - 117. Is o composite?
False
Let k = -32 + 23. Let f = k - -76. Is f composite?
False
Suppose -3*g + 4*l - 154 = 0, -2*g + 27 = 5*l + 122. Let s = 29 - g. Is s composite?
False
Suppose 0 = 3*u - 460 + 13. Is u prime?
True
Suppose -2*j + 5*t = -609, j + 0*t - 307 = 2*t. Is j prime?
True
Let y(w) = 2*w**2 + 3*w + 4. Let c be y(-6). Let b(a) = 3*a**3 - 2*a**2 + a - 3. Let x be b(-3). Let r = c - x. Is r prime?
True
Suppose 0 = -s + 3 + 3. Let r(w) = 22*w - 5. Is r(s) composite?
False
Let y(u) = 4*u**2 + 6*u + 7. Is y(-6) a composite number?
True
Let r(k) = k**2 + 2*k + 16. Let v(s) = -s - 4. Let t be v(7). Is r(t) a prime number?
False
Let f(x) = -x**3 + 3*x**2 + 2*x - 2. Let g be f(3). Let d = -9 + 13. Suppose 3*v + d*j - 647 + 228 = 0, g*v + 3*j - 561 = 0. Is v a prime number?
False
Suppose 4*w = 3*w + 3. Suppose i - w*s - 56 = -i, 3*i - 5*s = 82. Is i a composite number?
True
Let f be 1/((4/(-3))/(-4)). Suppose 0 = f*t - 47 - 10. Is t a prime number?
True
Let g = 21 + 106. Is g a composite number?
False
Let n be (-117 + 4)/(-1 + 0). Suppose 2*v + 116 = 2*u - 0*v, v + n = 2*u. Is u prime?
False
Let n(v) = 2*v**2 + 4*v + 2. Let o be n(-2). Suppose 5*t + 3*b + 46 = 3*t, b = o*t + 30. Let d = t + 32. Is d composite?
True
Let a(l) = -223*l + 53. Is a(-6) a composite number?
True
Let p(t) = -t + 2. Let a be p(-2). Suppose c + 4*r = 3, -a*c + 6 = -3*r - 6. Is c a composite number?
False
Let c = -2 + 0. Let v(g) = -6*g**2 + 14*g - 11. Let r(f) = -2*f**2 + 5*f - 4. Let o(y) = 11*r(y) - 4*v(y). Is o(c) prime?
False
Let b(s) = -s + 1. Let u be b(-1). Is -2 - (u - 0 - 195) a prime number?
True
Suppose -s + 0 + 4 = 0. Suppose 5*n + g = 275, 2*n = -2*n - s*g + 220. Is n prime?
False
Suppose 4*l - 6 = 2*r, -5*l + 4*r - 2 = -5. Is 3*508/6 - l composite?
False
Suppose 4974 = -i + d, 4*i + 3*d = -0*i - 19868. Is i/(-26) - 2/13 prime?
True
Let y(s) = 8*s**3 + 3*s**2 - 2*s - 2. Let z be y(4). Suppose -2*h - 32 = -z. Is h a prime number?
False
Let b(k) = -540*k**3 - k. Let h = 15 - 16. Is b(h) a prime number?
True
Suppose -2*s - 3*t + 508 = -458, -2*s - 5*t = -958. Is s a prime number?
False
Suppose g - 2477 - 794 = 0. Is g composite?
False
Let a = 8 + -4. Let n(o) = o**2 + 6*o + 7. Let p be n(-5). Suppose -a*b = 2*r - p*b - 76, -2*r + b = -61. Is r prime?
False
Is 13698/6 - (-3 - -1) composite?
True
Is 31/(108/(-109) - -1) a prime number?
False
Suppose -2*k = -3*k - 381. Let b(f) = f**3 + 3*f**2 + 2*f + 2. Let w be b(-3). Is (-2)/8 + k/w composite?
True
Let j be ((-4)/(-3))/(2/3). Is (9 + -8)*62/j prime?
True
Let m = 31 - 30. Let c = -32 + -40. Is c/(-4)*m/3 composite?
True
Suppose 6*b - 104 = 2*b. Is b a composite number?
True
Suppose -3*t - 289 + 79 = 0. Let b = t + 139. Is (b/(-6))/((-3)/6) prime?
True
Suppose -6356 = -4*x + 2*b, 3*b + 487 = -x + 2090. Is x composite?
True
Suppose 0*d - 12 = -4*d. Suppose 0*f - 4*f = 3*u - 734, 5*f + d*u = 919. Is f a composite number?
True
Let m(n) be the first derivative of -n**4/4 + 2*n**3/3 + n**2 + 5*n + 2. Let b be m(-5). Suppose -h - b = -6*h. Is h a composite number?
True
Let a be 0/(1 + 1*-2). Suppose -5*k - 133 - 197 = a. Let s = -29 - k. Is s composite?
False
Suppose 2*o - s + 26 = -2, 0 = 2*s. Let y be 94/o + 2/(-7). Let n = y + 14. Is n a prime number?
True
Let r be (-918)/5 + (-10)/25. Let u = -35 - r. Is u composite?
False
Suppose f + 2*k - 13 = -4*f, f - 3*k - 6 = 0. Suppose -78 = -f*g - 0*g. Is g composite?
True
Let n = -6 + 6. Suppose -4*s - 3*j = 7, n = -2*s - 4*j - 0 - 16. Suppose -s = 3*k - 71. Is k composite?
False
Let j be 56/16 - 2/(-4). Suppose j = -2*v, 0*v - 247 = -3*q + 5*v. Is q composite?
False
Suppose -n - 3151 = -5*b, -2*b - 2*n + 5*n = -1250. Is b prime?
True
Suppose 2*w + 3*w = 10. Suppose w*s = -2*j + 268, -j + 44 + 99 = 4*s. Is j prime?
True
Let q(a) = 79*a - 16. Let w(v) = -16*v + 3. Let c(o) = -2*q(o) - 11*w(o). Suppose -10*g - 10 + 30 = 0. Is c(g) a composite number?
True
Let g = -428 - -1851. Is g composite?
False
Let v be (1/2)/((-5)/(-50)). Is (v/10)/((-2)/(-248)) composite?
True
Let o(v) = v**2 + 1. Let f be o(-3). Suppose 6*c - f*c + 1028 = 0. Is c composite?
False
Let d = 1 + 8. Suppose 3*n + d = -2*c + 4*c, -c - 4*n = 12. Suppose c = 5*p - 2*p - 231. Is p a prime number?
False
Let v(f) = -12*f**2 + f. Let b be v(2). Let s = 43 - b. Is s a prime number?
True
Suppose -3*a = 2*r - 242, 0*a - 119 = -r - 2*a. Is r composite?
False
Let s be (2/4)/(2/(-684)). Suppose -620 = -2*y - 3*v, -4*v + 1576 = 5*y - 3*v. Let q = s + y. Is q composite?
True
Suppose -8839 = -5*q - 1044. Is q a composite number?
False
Let w(y) = y**3 + 11*y**2 + 11*y + 8. Let o be w(-8). Suppose -4*i - 3*x + o = -99, 3*i = x + 142. Is i a composite number?
True
Suppose -3*y + 1 = -5. Suppose 0 = -y*d - d + 27. Let a(l) = l**2 - 6*l - 6. Is a(d) prime?
False
Let m = 1009 - 246. Is m prime?
False
Suppose 2*f + 14627 = 5*l - 2*f, -f + 5856 = 2*l. Is l a composite number?
False
Let h(x) = x**2 + x - 12. Let t be h(4). Let n = -8 + 11. Suppose n*j = t*j - 65. Is j a prime number?
True
Suppose -3*x - 5*o - 12 = x, x + 2*o + 6 = 0. Suppose -4*h + 327 = x*d - d, -2*h + 3*d + 181 = 0. Is h composite?
False
Let w(x) = -x**2 - 7*x + 5. Let o be (12/15)/(2/(-15)). Is w(o) a prime number?
True
Let i(q) = -q**3 - 8*q**2 - 5*q + 8. Let f be i(-7). Let o be (-4)/f - 482/3. Let u = 323 + o. Is u a composite number?
False
Suppose 0*u - 4 = -2*u. Suppose -437 = -3*i - 2*t, u*i + 0*i - t - 303 = 0. Is i composite?
False
Suppose -5*y - 5 - 24 = -3*l, -4*y = 2*l - 12. Suppose l*a - 80 = 3*a. Suppose -3 = -s + a. Is s a composite number?
False
Is 3*(186/2 - 2/6) prime?
False
Suppose x + 11 - 19 = 0. Is 134*((-140)/x)/(-5) a prime number?
False
Is (-11)/((2/71)/(3 - 5)) prime?
False
Let j(g) = g**2 + 3*g + 0 + 1 - 5*g. Let s be j(1). Is -267*((-3)/9 - s) prime?
True
Suppose 5*d = 5*i + 5745, 0 = -4*d - 0*i + 2*i + 4600. Is d a composite number?
False
Let p(c) = c**3 - 6*c**2 - 7*c - 2. Let x be p(7). Is ((-228)/(-16))/(x/(-8)) a composite number?
True
Let h(j) be the second derivative of 31*j**3/6 - j**2 - 4*j. Is h(3) prime?
False
Suppose 2*h + r = -3*r + 48, -5*r = 0. Let y = h - 10. Is y a composite number?
True
Suppose -2 = -x, 4*g - g - 3*x = 1941. Is g prime?
False
Let d = -610 + 1677. Is d a composite number?
True
Suppose 7*v - 5*v - 902 = 0. Is v a composite number?
True
Let o(k) = 8*k**3 + 5. Is o(3) composite?
True
Let m(q) = -q - 15. Let h(y) = 8. Let l(p) = 11*h(p) + 6*m(p). Let a be l(-4). Suppose 0 = -n + 3*n - 3*f - 27, 0 = 2*n - 2*f - a. Is n a prime number?
False
Let m = -59 + 87. Suppose 0 = -3*n + 50 + m. Is n a prime number?
False
Suppose -5*f - 2*v = -459, -f - 2*f = 4*v - 281. Is f a prime number?
False
Let t = -16634 + 23425. Is t a prime number?
True
Let j(h) = -225*h - 2. Is j(-1) prime?
True
Let o be (4 + -8)/(2/154). Is 1 - (-5)/((-10)/o) a prime number?
False
Suppose z = -r - 0*r + 13, -4*z - r + 40 = 0. Is z composite?
True
Suppose -4*h + 259 = 3*r, 425 = 4*r - 3*h + 63. Is r a prime number?
True
Let s(g) = 3*g**3 + 25*g**2 - 18*g + 25. Let o(c) = -c**3 - 8*c**2 + 6*c - 8. Let n(u) = 7*o(u) + 2*s(u). Is n(-8) a prime number?
False
Suppose -2*s + 4*o - 32 = 0, -2*s = -3*o + 40 - 10. Let n(z) = 2*z**2 - 9*z - 10. Let q be n(7). Let k = q + s. Is k a composite number?
False
Suppose 90 + 142 = 2*x. Let m = x - 49. Is m a prime number?
True
Let v be 2/(3/6*-2). Let y be (-304)/6 - v/(-6). Is (-3)/(-2 + y/(-30)) a prime number?
False
Let q(c) = 3*c**2 - 3*c + 3 - 3 + 1. Let u(y) = y**2 + 7*y + 7. Let l be u(-5). Is q(l) composite?
False
Let x be 104/20 + (-1)/5. Suppose x*v - 3*u - 350 + 102 = 0, 0 = 2*v - u